t - 5*j + 8 = -j. Let d(z) = -13*z + 1. Let h be d(t). What are the prime factors of (6/7)/(2/h)?
2, 3
Let g be (-4)/(-5)*(-45)/2. What are the prime factors of 8/(-36) - 526/g?
29
Let u(o) = -2*o - 5. Let l be u(-4). Let j be l - (-2 + 1)*1. Suppose -18 = b - j*b. List the prime factors of b.
2, 3
Suppose h = -2*n + 15, -n - 5*h + 39 = 3*n. Let g be 4*-2*(-2)/4. Suppose n = 5*y - g*y. List the prime factors of y.
2, 3
Let n be (-1 + 50/6)*6. Suppose -2*v = -0*v + 5*o - n, 148 = 5*v + 3*o. List the prime factors of v.
2
Let d be (-1)/(-3) - (-114)/(-18). Let y = 4 + d. List the prime factors of (1 - 0 - y) + 3.
2, 3
Let x be (-6)/(-4*(-1)/(-2)). Let n be 2 + (-3)/x - -1. List the prime factors of -5 + n - 42/(-2).
2, 3
Suppose 79 = -2*i + 9. Let l = -13 - i. List the prime factors of l.
2, 11
Let t(b) = -3*b**2 + 1. Let q be t(-1). Let k = q + 16. List the prime factors of k.
2, 7
Suppose -5*p - 88 + 23 = 0. Let l = -8 - p. List the prime factors of l.
5
Let c = 15 - 8. Let n(v) = -v + 10. List the prime factors of n(c).
3
Let h(j) = j**3 + 7*j**2 - 6*j - 5. Let x be h(-4). Suppose 5*l = d + x, 4*d = -3*l + 53 + 1. List the prime factors of l.
2, 7
Let n be 10/8 - 1/4. Let h be 6/2 - n - 8. Let l = h - -17. List the prime factors of l.
11
Suppose 0*b = 5*b - 25. Let z(x) = -x**3 + 7*x**2 - 7*x - 1. Let a be z(b). Suppose n = -t - 2*n + 4, t - 2*n = a. What are the prime factors of t?
2, 5
Let p(k) = 9*k - 11. What are the prime factors of p(8)?
61
Suppose -2*f + 4 = -h, -h - 2*f + 0 = -8. Suppose -3*g = -3*z - 18, 3*g - h*z = -g + 26. List the prime factors of g.
7
Let h = 0 - -3. Suppose 22 = 3*n + 5*a, n - h*n = a - 17. List the prime factors of n.
3
Let j = -20 + 39. List the prime factors of j.
19
Suppose 4*m = 6*m + 2. What are the prime factors of 3/m*(-6)/1?
2, 3
Let t(z) be the first derivative of -z**3/3 - 5*z**2/2 - 4*z + 1. List the prime factors of t(-3).
2
Suppose -5*m + 49 - 4 = 0. Suppose m*o = 13*o - 76. List the prime factors of o.
19
Let y(l) = -l + 3. Let f be y(0). Suppose 3*r = 4*m - 3, -6 = -f*m + m. Suppose -5*d = 10 + 5, -33 = -r*n + d. List the prime factors of n.
2, 5
Let j = -1 - -4. Suppose j*w - 4*w = -3*m - 20, -2*w = -4*m - 32. What are the prime factors of w?
2
Suppose -3*h = 4*d + 2*h - 212, 0 = -4*d + 4*h + 248. Let t = d + -35. Suppose 5*l = 2*y - t, 4*l - 23 = y - 4*y. List the prime factors of y.
3
Let t = -31 + 73. List the prime factors of t*(20/6 + -3).
2, 7
Suppose 3*n - 86 = 13. What are the prime factors of n?
3, 11
Let r be 8/(-52) - (-2100)/(-39). Let y = -36 - r. What are the prime factors of y?
2, 3
Let k(x) = 5*x**3 + 10*x**2 - 6*x + 5. Let b(s) = -3*s**3 - 5*s**2 + 3*s - 3. Let o(t) = 7*b(t) + 4*k(t). What are the prime factors of o(4)?
3
Let f be 2/(-5) - (194/(-10) - -5). Let p be (-7)/(-3) - (-10)/15. Suppose 0 = -p*m + f + 40. What are the prime factors of m?
2, 3
Let i be (-1 + 49)*(-4)/(-6). Let l = i + -20. Let r(d) = -d**2 + 14*d - 13. List the prime factors of r(l).
11
Let y = 346 - 74. What are the prime factors of y?
2, 17
Let q be ((-1 - 1) + 1)*2. Let w = 5 + q. Suppose 4*a - w*l = 10 + 22, -4*a - 4*l + 60 = 0. What are the prime factors of a?
11
Suppose 6*d + 33 = -5*b + 2*d, -4*b - 45 = -3*d. List the prime factors of 3/b - (-70)/3.
23
Let m(p) be the first derivative of -p**3/3 - 5*p**2 - 3. List the prime factors of m(-9).
3
Let c(l) = -l + 8. Let a be c(6). Suppose a*g + x - 20 = 2*x, 0 = -4*g - 3*x + 40. List the prime factors of g.
2, 5
Suppose 8*z - 1883 = z. What are the prime factors of z?
269
Let d = 1 + -13. List the prime factors of ((-18)/d)/((-9)/(-240)).
2, 5
Let w(v) = v - 3. Let x be w(6). Suppose 2*o = x*m + 6*o - 50, 2*m = 2*o + 24. List the prime factors of m.
2, 7
Let j be -6*((-10)/(-6) - 2). Suppose 10 = j*s - 0*s. Suppose -49 - 36 = -s*m. What are the prime factors of m?
17
Let p(t) = 2*t + 15. List the prime factors of p(-5).
5
List the prime factors of 64 + (-5)/((-10)/(-8)).
2, 3, 5
Let y = 19 - 13. What are the prime factors of y/(-9) - (-172)/6?
2, 7
Let t(o) = 20*o + 3. List the prime factors of t(1).
23
Suppose -v - 11 = -2*v. Suppose v = 4*f - 21. Suppose i - f - 12 = 0. List the prime factors of i.
2, 5
Let t = -71 - -188. Suppose 0 = 3*f - j - 108, j - 5*j = -3*f + t. List the prime factors of f.
5, 7
Let o = 43 - 24. Suppose b + 0*z = 3*z + o, 0 = b - 2*z - 19. What are the prime factors of b?
19
Let x be (28/35)/(4/10). Suppose -3*q + o + 41 = 0, 3*q - 2*o - 47 = x*o. Suppose -5*h = f + q, f - h - 4 = 1. List the prime factors of f.
2
Let p = -1 + 3. Suppose f = -p*f + 15. Suppose 2*l - 41 = -3*c, -f*l + 99 = -4*c + 8*c. List the prime factors of l.
19
Suppose 3*s = 2*u - 64, -4*s = -2*u - 2*s + 60. Suppose 0*y = 2*y - u. What are the prime factors of y?
13
Let r be 3/1 + -3 + 3. Suppose 0 = h - z - z - 1, 0 = -3*z + r. List the prime factors of h.
3
Let r = 10 - 5. Let q = -10 - -17. Let i = q + r. List the prime factors of i.
2, 3
Suppose 6*h - 11*h + 85 = 0. What are the prime factors of h?
17
Suppose -7*g + 2*g - 235 = -4*r, -4*r = 2*g - 214. List the prime factors of r.
5, 11
Suppose -u + 0*t = -t - 7, -5*u = -t - 15. Suppose 5*v = 3*r - 26, -6*r + 25 = -u*r + 3*v. List the prime factors of r.
7
Suppose 12*q = 5*q + 56. List the prime factors of q.
2
Suppose 0 = -17*u + 15*u + 414. List the prime factors of u.
3, 23
Suppose -4*q = 4*d + d - 170, q = -5*d + 35. List the prime factors of q.
3, 5
Let o be (-6)/9 - 29/(-3). What are the prime factors of -1 + 36/(o/3)?
11
Suppose 3 = k - 0. Let w = 8 - k. Suppose -4*f + 33 = -b, 0*f - 5*f + w*b = -30. List the prime factors of f.
3
Suppose -4*v - 181 = -3*m, -3*v + 55 = 2*m - 43. Suppose 3*n + 5*p - m = 0, 0 = 4*n + n + p - 77. List the prime factors of n.
3, 5
Suppose -2*x + 149 = -75. List the prime factors of x.
2, 7
Let j(h) = h**2 + 4*h - 3. Let m be j(-5). List the prime factors of 2*m/(-4) - -11.
2, 5
What are the prime factors of (2/3)/(-1 - 717/(-711))?
79
Let a(k) = -k**2 - 7*k - 7. Let i be a(-5). Suppose 3 = -i*t + 9. What are the prime factors of t?
2
Let f = -26 + 26. Let s = f + 3. What are the prime factors of s?
3
Let i = 230 - 121. List the prime factors of i.
109
Suppose -24 = 10*k - 284. What are the prime factors of k?
2, 13
Let h(m) = m**3 + 25*m**2 - 36*m - 14. List the prime factors of h(-26).
2, 3, 41
Suppose 4*x + 6 = 7*x. Let m(k) = 3*k**3 - 3*k**2 + 4*k - 2. List the prime factors of m(x).
2, 3
What are the prime factors of (-4)/(-18) - 2375/(-45)?
53
Let x(f) = f + 13. Let m be x(-15). List the prime factors of ((-38)/(-3))/(m/(-3)).
19
Suppose -2*y - 2*y = -12. Let i = y - 2. List the prime factors of i/4 - (-21)/12.
2
Let t(f) be the third derivative of -f**6/120 - f**5/15 + f**4/6 - f**3/2 + f**2. Let n be -4 - (12/4 + -2). What are the prime factors of t(n)?
2
Suppose -2*d - l = -3*d + 10, -5*d = -2*l - 47. Suppose 0*o - 20 = -4*o. Let q = d - o. List the prime factors of q.
2
Suppose 1 = 2*q - 3. Suppose 4*k - 5*w - 105 = 0, -q*w + 15 + 83 = 4*k. What are the prime factors of k?
5
Let l(w) = -w**3 - 9*w**2 - 7*w + 6. Let p be l(-8). Let f be (-4)/18 - p/9. Suppose 15 + f = 3*b. List the prime factors of b.
5
What are the prime factors of ((-3)/3)/(-2)*16?
2
Let r be 123*(1 + -4 - -4). Suppose 135 = 6*b - r. List the prime factors of b.
43
Let x(g) = -4*g - 5. Let a be x(-6). Let b = -1 + a. List the prime factors of b.
2, 3
Suppose -5 = 3*o - 8. Let l = o + 3. List the prime factors of l.
2
Let z(n) = 7*n**2 + 6*n + 11. What are the prime factors of z(-5)?
2, 3, 13
Let d = 4 + -4. Suppose -3*p + p + 80 = d. Suppose -5*x = 5*t - 0*x - p, 38 = 4*t - 2*x. List the prime factors of t.
3
Suppose 81 = 12*n - 9*n. What are the prime factors of n?
3
Suppose -8*i = -3*i. Suppose i = -5*y - 5*j - 2 - 3, -5*y - 2*j = 2. Let b(s) = s**3 + s**2 + 2. What are the prime factors of b(y)?
2
Let v be 32/10 + (-3)/15. Suppose -v*g + 18 = -0*g. List the prime factors of g.
2, 3
What are the prime factors of -34*5*2/(-4)?
5, 17
Let l = -101 + 169. What are the prime factors of l?
2, 17
Let z = -53 + 90. What are the prime factors of z?
37
Suppose 11*v = 5*v + 60. What are the prime factors of v?
2, 5
Let b(x) = -x**2 + 6*x + 8. Let f(m) = -m. Let v be f(-3). Suppose 2*k - 4*z - 